{"id":36,"date":"2019-01-04T19:09:12","date_gmt":"2019-01-04T18:09:12","guid":{"rendered":"http:\/\/cqcroixdepierre.fr\/?page_id=36"},"modified":"2025-05-02T13:16:51","modified_gmt":"2025-05-02T11:16:51","slug":"dossiers","status":"publish","type":"page","link":"https:\/\/cqcroixdepierre.fr\/index.php\/dossiers\/","title":{"rendered":"Dossiers"},"content":{"rendered":"\n<p><strong><a href=\"https:\/\/cqcroixdepierre.fr\/index.php\/dossiers\/ipsophenearianegroup\/\" target=\"_blank\" rel=\"noreferrer noopener\">Ipsoph\u00e8ne &amp; ArianeGroup<\/a><\/strong><\/p>\n\n\n\n<p><a href=\"https:\/\/cqcroixdepierre.fr\/index.php\/dossiers\/coeur-de-quartier-croix-de-pierre\/\"><strong>C\u0153ur de quartier Croix de Pierre<\/strong><\/a><\/p>\n\n\n\n<p><a href=\"https:\/\/cqcroixdepierre.fr\/index.php\/dossiers\/democratie-locale\/\"><strong>D\u00e9mocratie locale<\/strong><\/a><\/p>\n\n\n\n<p><strong><a href=\"https:\/\/cqcroixdepierre.fr\/index.php\/pluih\/\">PLUiH (Plan Local d&rsquo;Urbanisme inter-communal et Habitat) <\/a><\/strong><\/p>\n\n\n\n<p><a href=\"https:\/\/cqcroixdepierre.fr\/index.php\/dossiers\/oap-oasis-terre-garonne\/\"><strong>OAP OASIS\/ \u00ab\u00a0Terre Garonne\u00a0\u00bb<\/strong><\/a><\/p>\n\n\n\n<p><strong><a href=\"https:\/\/cqcroixdepierre.fr\/index.php\/dossiers\/les-ballastieres\/\">Les Ballasti\u00e8res<\/a><\/strong><\/p>\n","protected":false},"excerpt":{"rendered":"<p>Ipsoph\u00e8ne &amp; ArianeGroup C\u0153ur de quartier Croix de Pierre D\u00e9mocratie locale PLUiH (Plan Local d&rsquo;Urbanisme inter-communal et Habitat) OAP OASIS\/ \u00ab\u00a0Terre Garonne\u00a0\u00bb Les Ballasti\u00e8res<\/p>\n","protected":false},"author":1,"featured_media":0,"parent":0,"menu_order":0,"comment_status":"closed","ping_status":"closed","template":"","meta":{"footnotes":""},"_links":{"self":[{"href":"https:\/\/cqcroixdepierre.fr\/index.php\/wp-json\/wp\/v2\/pages\/36"}],"collection":[{"href":"https:\/\/cqcroixdepierre.fr\/index.php\/wp-json\/wp\/v2\/pages"}],"about":[{"href":"https:\/\/cqcroixdepierre.fr\/index.php\/wp-json\/wp\/v2\/types\/page"}],"author":[{"embeddable":true,"href":"https:\/\/cqcroixdepierre.fr\/index.php\/wp-json\/wp\/v2\/users\/1"}],"replies":[{"embeddable":true,"href":"https:\/\/cqcroixdepierre.fr\/index.php\/wp-json\/wp\/v2\/comments?post=36"}],"version-history":[{"count":31,"href":"https:\/\/cqcroixdepierre.fr\/index.php\/wp-json\/wp\/v2\/pages\/36\/revisions"}],"predecessor-version":[{"id":2526,"href":"https:\/\/cqcroixdepierre.fr\/index.php\/wp-json\/wp\/v2\/pages\/36\/revisions\/2526"}],"wp:attachment":[{"href":"https:\/\/cqcroixdepierre.fr\/index.php\/wp-json\/wp\/v2\/media?parent=36"}],"curies":[{"name":"wp","href":"https:\/\/api.w.org\/{rel}","templated":true}]}}