{"id":2472,"date":"2025-05-02T10:47:49","date_gmt":"2025-05-02T08:47:49","guid":{"rendered":"https:\/\/cqcroixdepierre.fr\/?page_id=2472"},"modified":"2025-05-02T10:54:20","modified_gmt":"2025-05-02T08:54:20","slug":"contributions","status":"publish","type":"page","link":"https:\/\/cqcroixdepierre.fr\/index.php\/dossiers\/ipsophenearianegroup\/contributions\/","title":{"rendered":"Contributions"},"content":{"rendered":"\n<p class=\"has-medium-font-size\"><strong>Conf\u00e9rence\/D\u00e9bat du 12 mars 2025<\/strong>: <strong>\u00ab\u00a0ArianeGroup (ex SNPE) \/ Ipsoph\u00e8ne: Un rapprochement dangereux ? De deux sites class\u00e9s SEVESO sur l\u2019\u00eele du Ramier\u00a0\u00bb &#8211; Pr\u00e9sentations<\/strong><\/p>\n\n\n\n<p>La conf\u00e9rence\/d\u00e9bat a \u00e9t\u00e9 organis\u00e9e par le Comit\u00e9 de Quartier Croix de Pierre\/Route d&rsquo;Espagne, les associations \u00ab\u00a0Les Amis de la Terre Midi-Pyr\u00e9n\u00e9es\u00a0\u00bb et Plus Jamais Ca Ni Ici Ni Ailleurs\u00a0\u00bb, soutenus par les comit\u00e9s de quartier Fontaine-Lestang et Papus-Tabar-Bordelongue.<\/p>\n\n\n\n<p>Assistance d&rsquo;environ 80 personnes (habitants de nombreux quartiers de Toulouse, \u00e9lus, repr\u00e9sentants d&rsquo;associations et de partis politiques) pour des \u00e9changes riches et vari\u00e9s. <\/p>\n\n\n\n<p>Si l&rsquo;int\u00e9r\u00eat de la relocalisation de la fabrication du parac\u00e9tamol et de la r\u00e9industrialisation n&rsquo;a pas \u00e9t\u00e9 remis en cause, le choix du site d&rsquo;ArianeGroup pour l&rsquo;installation de cette activit\u00e9 a \u00e9t\u00e9 jug\u00e9 contestable par tous.<\/p>\n\n\n\n<p>Les risques inh\u00e9rents \u00e0 la fabrication du parac\u00e9tamol et conduisant au classement Seveso ne sont pas li\u00e9s au processus de fabrication mais aux quantit\u00e9s de produits toxiques (ph\u00e9nol, anhydre ac\u00e9tique, nitrite de sodium, d\u00e9chets \/ \u00ab\u00a0eau de proc\u00e9d\u00e9\u00a0\u00bb) qui transiteront sur l&rsquo;Ile du Ramier et seront stock\u00e9s temporairement sur ce site. <\/p>\n\n\n\n<p>Points importants issus des \u00e9changes : <\/p>\n\n\n\n<ul>\n<li>Personne ne comprend le projet d&rsquo;installation de l&rsquo;activit\u00e9 d&rsquo;Ipsoph\u00e8ne sur le site Seveso seuil haut d&rsquo;ArianeGroup alors que le Plan de Pr\u00e9vention des Risques Technologiques (PPRT) du site d&rsquo;ArianeGroup sign\u00e9 par le pr\u00e9fet en 2014 autorise seulement les am\u00e9nagements, utilisations ou exploitations des locaux existants \u00ab\u00a0pour des activit\u00e9s en lien direct et strictement n\u00e9cessaires au fonctionnement du site\u00a0\u00bb, et encore sous conditions.<\/li>\n\n\n\n<li>Le d\u00e9cret du 21\/11\/2019 relatif aux plateformes industrielles ne parait pas applicable pour un site actuellement r\u00e9serv\u00e9 \u00e0 la seule activit\u00e9 d&rsquo;ArianeGroup. La cr\u00e9ation d&rsquo;une plateforme industrielle appara\u00eetrait comme un d\u00e9tournement de l&rsquo;objet de la loi pour contourner les r\u00e8gles du PPRT.<\/li>\n\n\n\n<li>Le site est, de plus, en zone inondable de la Garonne avec le risque le plus fort. <\/li>\n\n\n\n<li>Comment transformer l&rsquo;\u00eele du Ramier en parc m\u00e9tropolitain d\u00e9di\u00e9 \u00e0 la nature, aux loisirs et au sport en maintenant ArianeGroupe (Seveso seuil haut) et en ajoutant Ipsoph\u00e8ne (Seveso seuil bas) \u00e0 proximit\u00e9 ?<\/li>\n<\/ul>\n\n\n\n<p> L&rsquo;incompr\u00e9hension a domin\u00e9 les discussions avec l&rsquo;espoir qu&rsquo;un autre site sera trouv\u00e9 pour qu&rsquo;Ipsoph\u00e8ne puisse exp\u00e9rimenter sa production de parac\u00e9tamol.<br><br><\/p>\n\n\n\n<p class=\"has-text-align-center has-medium-font-size\"><strong>Pour acc\u00e9dez aux pr\u00e9sentations =&gt; cliquer sur l&rsquo;image ci-dessous)<\/strong><\/p>\n\n\n\n<figure class=\"wp-block-image size-large\"><a href=\"https:\/\/drive.google.com\/file\/d\/1KhDqMHUcEndEpn6-IXG2MaciOmu5mG7b\/view?usp=sharing\" target=\"_blank\" rel=\"noreferrer noopener\"><img fetchpriority=\"high\" decoding=\"async\" width=\"1024\" height=\"576\" src=\"https:\/\/cqcroixdepierre.fr\/wp-content\/uploads\/2025\/03\/Pages-de-20250312-Partie-0-Diapos-Intro-sommaire-1024x576.jpg\" alt=\"\" class=\"wp-image-2370\" srcset=\"https:\/\/cqcroixdepierre.fr\/wp-content\/uploads\/2025\/03\/Pages-de-20250312-Partie-0-Diapos-Intro-sommaire-1024x576.jpg 1024w, https:\/\/cqcroixdepierre.fr\/wp-content\/uploads\/2025\/03\/Pages-de-20250312-Partie-0-Diapos-Intro-sommaire-300x169.jpg 300w, https:\/\/cqcroixdepierre.fr\/wp-content\/uploads\/2025\/03\/Pages-de-20250312-Partie-0-Diapos-Intro-sommaire-768x432.jpg 768w, https:\/\/cqcroixdepierre.fr\/wp-content\/uploads\/2025\/03\/Pages-de-20250312-Partie-0-Diapos-Intro-sommaire-1536x864.jpg 1536w, https:\/\/cqcroixdepierre.fr\/wp-content\/uploads\/2025\/03\/Pages-de-20250312-Partie-0-Diapos-Intro-sommaire-2048x1152.jpg 2048w, https:\/\/cqcroixdepierre.fr\/wp-content\/uploads\/2025\/03\/Pages-de-20250312-Partie-0-Diapos-Intro-sommaire-1110x624.jpg 1110w, https:\/\/cqcroixdepierre.fr\/wp-content\/uploads\/2025\/03\/Pages-de-20250312-Partie-0-Diapos-Intro-sommaire-528x297.jpg 528w\" sizes=\"(max-width: 1024px) 100vw, 1024px\" \/><\/a><\/figure>\n\n\n\n<p class=\"has-medium-font-size\"><strong>Mercredi 12 f\u00e9vrier: \u00ab\u00a0Conf\u00e9rence\/D\u00e9bat ArianeGroup un site Seveso SH pas comme les autres\u00a0\u00bb<\/strong><\/p>\n\n\n\n<p class=\"has-text-align-center\">Conf\u00e9rence\/d\u00e9bat: <\/p>\n\n\n\n<p class=\"has-text-align-center\"><strong>ArianeGroup \/ Ipsoph\u00e8ne: <strong>Un rapprochement dangereux ?<\/strong><\/strong> <br><strong>De deux sites class\u00e9s SEVESO sur l\u2019\u00eele du Ramier<\/strong><\/p>\n\n\n\n<p class=\"has-text-align-center\">SOMMAIRE<\/p>\n\n\n\n<ol>\n<li><a href=\"http:\/\/xlqom.mjt.lu\/lnk\/AVIAAGIocIYAAc5usMAAALGGPNkAAAAAAnMAoILeAA7BGABntZ28fbzopo7cSMqMLa5LTA9WMgAOk4w\/1\/iQ5ZxO1MscmsDZeVQNqRcg\/aHR0cHM6Ly9kcml2ZS5nb29nbGUuY29tL2ZpbGUvZC8xbXFHOWZXZ0c0Y05BZTlJdHRhTGNwM0NuMUdDcWVYMXIvdmlldz91c3A9ZHJpdmVfbGluaw\" target=\"_blank\" rel=\"noreferrer noopener\">SEVESO&nbsp;<\/a><\/li>\n\n\n\n<li><a href=\"http:\/\/xlqom.mjt.lu\/lnk\/AVIAAGIocIYAAc5usMAAALGGPNkAAAAAAnMAoILeAA7BGABntZ28fbzopo7cSMqMLa5LTA9WMgAOk4w\/2\/9zDOZDD8o9NDB-6m0EmB7w\/aHR0cHM6Ly9kcml2ZS5nb29nbGUuY29tL2ZpbGUvZC8xYWlRUkpmYlhJZ2ljcE5FU1RSLUZLOGFMT1VnUjNSNUQvdmlldz91c3A9ZHJpdmVfbGluaw\" target=\"_blank\" rel=\"noreferrer noopener\">L\u2019explosion d\u2019AZF\/2001<\/a><\/li>\n\n\n\n<li><a href=\"http:\/\/xlqom.mjt.lu\/lnk\/AVIAAGIocIYAAc5usMAAALGGPNkAAAAAAnMAoILeAA7BGABntZ28fbzopo7cSMqMLa5LTA9WMgAOk4w\/3\/kb1HiXkAk2VEr-F_DP6E1w\/aHR0cHM6Ly9kcml2ZS5nb29nbGUuY29tL2ZpbGUvZC8xTlVXMmd1WmRVXzdVTmlEc1AxQmd2NnNRREo1azJKMzUvdmlldz91c3A9ZHJpdmVfbGluaw\" target=\"_blank\" rel=\"noreferrer noopener\">ArianeGroup<\/a><\/li>\n\n\n\n<li>I<a href=\"http:\/\/xlqom.mjt.lu\/lnk\/AVIAAGIocIYAAc5usMAAALGGPNkAAAAAAnMAoILeAA7BGABntZ28fbzopo7cSMqMLa5LTA9WMgAOk4w\/4\/qD1tCVJGQcWpV-KUVxJZGw\/aHR0cHM6Ly9kcml2ZS5nb29nbGUuY29tL2ZpbGUvZC8xVEItOTNFblVuWHdyc19tTXNFaEsxRVJGNlZBemp5YTYvdmlldz91c3A9ZHJpdmVfbGluaw\" target=\"_blank\" rel=\"noreferrer noopener\">psoph\u00e8ne&nbsp;<\/a><\/li>\n\n\n\n<li><a href=\"https:\/\/drive.google.com\/file\/d\/12gnEf8Ucyj4BbUO70DMYVJaeUb2hvdmq\/view?usp=drive_link\" target=\"_blank\" rel=\"noreferrer noopener\">Chronologie<\/a><\/li>\n\n\n\n<li><a href=\"http:\/\/xlqom.mjt.lu\/lnk\/AVIAAGIocIYAAc5usMAAALGGPNkAAAAAAnMAoILeAA7BGABntZ28fbzopo7cSMqMLa5LTA9WMgAOk4w\/6\/n5lrTuSCBDd9lcklYhvnpA\/aHR0cHM6Ly9kcml2ZS5nb29nbGUuY29tL2ZpbGUvZC8xM1VaYXlCbC1pRl9ZRVhBeFc4Y1hoWnNmX0VaajB0Nmgvdmlldz91c3A9ZHJpdmVfbGluaw\" target=\"_blank\" rel=\"noreferrer noopener\">Les risques et vigilance<\/a><\/li>\n\n\n\n<li><a href=\"http:\/\/xlqom.mjt.lu\/lnk\/AVIAAGIocIYAAc5usMAAALGGPNkAAAAAAnMAoILeAA7BGABntZ28fbzopo7cSMqMLa5LTA9WMgAOk4w\/7\/gZ6mIBafKJccuFmV-1cJ7Q\/aHR0cHM6Ly9kcml2ZS5nb29nbGUuY29tL2ZpbGUvZC8xWXZlaHpvN25KWkNmcE9YWm9sem5QTWx2QXBWSFZ6OGwvdmlldz91c3A9ZHJpdmVfbGluaw\" target=\"_blank\" rel=\"noreferrer noopener\">Que fait-on?<\/a><\/li>\n<\/ol>\n\n\n\n<figure class=\"wp-block-image size-large\"><img decoding=\"async\" width=\"724\" height=\"1024\" src=\"https:\/\/cqcroixdepierre.fr\/wp-content\/uploads\/2025\/02\/20250212-Tract-conf-debat-724x1024.jpg\" alt=\"\" class=\"wp-image-2331\" srcset=\"https:\/\/cqcroixdepierre.fr\/wp-content\/uploads\/2025\/02\/20250212-Tract-conf-debat-724x1024.jpg 724w, https:\/\/cqcroixdepierre.fr\/wp-content\/uploads\/2025\/02\/20250212-Tract-conf-debat-212x300.jpg 212w, https:\/\/cqcroixdepierre.fr\/wp-content\/uploads\/2025\/02\/20250212-Tract-conf-debat-768x1086.jpg 768w, https:\/\/cqcroixdepierre.fr\/wp-content\/uploads\/2025\/02\/20250212-Tract-conf-debat-1086x1536.jpg 1086w, https:\/\/cqcroixdepierre.fr\/wp-content\/uploads\/2025\/02\/20250212-Tract-conf-debat-1448x2048.jpg 1448w, https:\/\/cqcroixdepierre.fr\/wp-content\/uploads\/2025\/02\/20250212-Tract-conf-debat.jpg 1654w\" sizes=\"(max-width: 724px) 100vw, 724px\" \/><\/figure>\n\n\n\n<p><strong>Vendredi 15 janvier : R\u00e9union d&rsquo;information \u00ab\u00a0Nouvelle activit\u00e9 class\u00e9e Seveso sur le site d&rsquo;ArianeGroup\u00a0\u00bb<\/strong><\/p>\n","protected":false},"excerpt":{"rendered":"<p>Conf\u00e9rence\/D\u00e9bat du 12 mars 2025: \u00ab\u00a0ArianeGroup (ex SNPE) \/ Ipsoph\u00e8ne: Un rapprochement dangereux ? De deux sites class\u00e9s SEVESO sur l\u2019\u00eele du Ramier\u00a0\u00bb &#8211; Pr\u00e9sentations La conf\u00e9rence\/d\u00e9bat a \u00e9t\u00e9 organis\u00e9e par le Comit\u00e9 de Quartier Croix de Pierre\/Route d&rsquo;Espagne, les associations \u00ab\u00a0Les Amis de la Terre Midi-Pyr\u00e9n\u00e9es\u00a0\u00bb et Plus Jamais Ca Ni Ici Ni Ailleurs\u00a0\u00bb, [&hellip;]<\/p>\n","protected":false},"author":2,"featured_media":0,"parent":2458,"menu_order":3,"comment_status":"closed","ping_status":"closed","template":"","meta":{"footnotes":""},"_links":{"self":[{"href":"https:\/\/cqcroixdepierre.fr\/index.php\/wp-json\/wp\/v2\/pages\/2472"}],"collection":[{"href":"https:\/\/cqcroixdepierre.fr\/index.php\/wp-json\/wp\/v2\/pages"}],"about":[{"href":"https:\/\/cqcroixdepierre.fr\/index.php\/wp-json\/wp\/v2\/types\/page"}],"author":[{"embeddable":true,"href":"https:\/\/cqcroixdepierre.fr\/index.php\/wp-json\/wp\/v2\/users\/2"}],"replies":[{"embeddable":true,"href":"https:\/\/cqcroixdepierre.fr\/index.php\/wp-json\/wp\/v2\/comments?post=2472"}],"version-history":[{"count":3,"href":"https:\/\/cqcroixdepierre.fr\/index.php\/wp-json\/wp\/v2\/pages\/2472\/revisions"}],"predecessor-version":[{"id":2478,"href":"https:\/\/cqcroixdepierre.fr\/index.php\/wp-json\/wp\/v2\/pages\/2472\/revisions\/2478"}],"up":[{"embeddable":true,"href":"https:\/\/cqcroixdepierre.fr\/index.php\/wp-json\/wp\/v2\/pages\/2458"}],"wp:attachment":[{"href":"https:\/\/cqcroixdepierre.fr\/index.php\/wp-json\/wp\/v2\/media?parent=2472"}],"curies":[{"name":"wp","href":"https:\/\/api.w.org\/{rel}","templated":true}]}}