{"id":2183,"date":"2024-09-12T18:29:20","date_gmt":"2024-09-12T16:29:20","guid":{"rendered":"https:\/\/cqcroixdepierre.fr\/?page_id=2183"},"modified":"2026-01-03T19:31:36","modified_gmt":"2026-01-03T18:31:36","slug":"amaps-dans-le-quartier","status":"publish","type":"page","link":"https:\/\/cqcroixdepierre.fr\/index.php\/amaps-dans-le-quartier\/","title":{"rendered":"AMAPs dans le quartier"},"content":{"rendered":"\n<p><strong><em>Trois A<\/em><\/strong><em><strong>MAPs sont pr\u00e9sentes dans notre quartier sur le parvis d<\/strong><\/em><strong><em>e l&rsquo;\u00e9glise Saint Fran\u00e7ois-Xavier<\/em><\/strong><\/p>\n\n\n\n<p><br>Les AMAP (Association pour le Maintien d\u2019une Agriculture Paysanne) <strong>Bruy\u00e8res <\/strong>(\u0153ufs\/poulets), <strong>Froutz <\/strong>(fruits) et <strong>Pain de Ress\u00e8gue<\/strong> (pain, p\u00e2tes, farine) livreront leurs paniers les jeudis soirs \u00e0 18h au 153 avenue de Muret. <\/p>\n\n\n\n<p>Il s\u2019agit de distributions li\u00e9es \u00e0 des abonnements annuels de la part de consommateurs vers les producteurs. Ce syst\u00e8me donne aux producteurs l\u2019assurance de la vente de leurs productions sur l\u2019ann\u00e9e compl\u00e8te et aux consommateurs le b\u00e9n\u00e9fice de produits frais, de saison, achet\u00e9s \u00e0 des prix raisonnables. <\/p>\n\n\n\n<p>En savoir plus sur chaque AMAP : <a href=\"https:\/\/amapcroixdepierre.wixsite.com\/accueil\" target=\"_blank\" rel=\"noreferrer noopener\">Site de l&rsquo;AMAP<\/a><\/p>\n\n\n\n<figure class=\"wp-block-image size-large\"><a href=\"https:\/\/amapcroixdepierre.wixsite.com\/accueil\" target=\"_blank\" rel=\"noreferrer noopener\"><img fetchpriority=\"high\" decoding=\"async\" width=\"1024\" height=\"217\" src=\"https:\/\/cqcroixdepierre.fr\/wp-content\/uploads\/2025\/10\/Capture-decran-2025-10-22-090402-1024x217.png\" alt=\"\" class=\"wp-image-2651\" srcset=\"https:\/\/cqcroixdepierre.fr\/wp-content\/uploads\/2025\/10\/Capture-decran-2025-10-22-090402-1024x217.png 1024w, https:\/\/cqcroixdepierre.fr\/wp-content\/uploads\/2025\/10\/Capture-decran-2025-10-22-090402-300x64.png 300w, https:\/\/cqcroixdepierre.fr\/wp-content\/uploads\/2025\/10\/Capture-decran-2025-10-22-090402-768x163.png 768w, https:\/\/cqcroixdepierre.fr\/wp-content\/uploads\/2025\/10\/Capture-decran-2025-10-22-090402-1536x325.png 1536w, https:\/\/cqcroixdepierre.fr\/wp-content\/uploads\/2025\/10\/Capture-decran-2025-10-22-090402.png 1860w\" sizes=\"(max-width: 1024px) 100vw, 1024px\" \/><\/a><\/figure>\n\n\n\n<p><strong>Rendez-vous AMAPs Frout&rsquo;z et Ressegue:<\/strong><\/p>\n\n\n\n<ul>\n<li>8 janvier<\/li>\n\n\n\n<li>22 janvier : avec <strong>AMAP Bruy\u00e8res<\/strong> (poulet\/\u0153ufs)<\/li>\n\n\n\n<li>5 f\u00e9vrier<\/li>\n\n\n\n<li>19 f\u00e9vrier: avec <strong>AMAP Bruy\u00e8res<\/strong> (poulet\/\u0153ufs)<\/li>\n\n\n\n<li>5 mars<\/li>\n\n\n\n<li>19 mars: avec <strong>AMAP Bruy\u00e8res<\/strong> (poulet\/\u0153ufs)<\/li>\n\n\n\n<li>2 avril<\/li>\n\n\n\n<li>16 avril: avec <strong>AMAP Bruy\u00e8res<\/strong> (poulet\/\u0153ufs)<\/li>\n\n\n\n<li>28 mai<\/li>\n\n\n\n<li>11 juin<\/li>\n<\/ul>\n","protected":false},"excerpt":{"rendered":"<p>Trois AMAPs sont pr\u00e9sentes dans notre quartier sur le parvis de l&rsquo;\u00e9glise Saint Fran\u00e7ois-Xavier Les AMAP (Association pour le Maintien d\u2019une Agriculture Paysanne) Bruy\u00e8res (\u0153ufs\/poulets), Froutz (fruits) et Pain de Ress\u00e8gue (pain, p\u00e2tes, farine) livreront leurs paniers les jeudis soirs \u00e0 18h au 153 avenue de Muret. Il s\u2019agit de distributions li\u00e9es \u00e0 des abonnements [&hellip;]<\/p>\n","protected":false},"author":2,"featured_media":0,"parent":0,"menu_order":0,"comment_status":"closed","ping_status":"closed","template":"","meta":{"footnotes":""},"_links":{"self":[{"href":"https:\/\/cqcroixdepierre.fr\/index.php\/wp-json\/wp\/v2\/pages\/2183"}],"collection":[{"href":"https:\/\/cqcroixdepierre.fr\/index.php\/wp-json\/wp\/v2\/pages"}],"about":[{"href":"https:\/\/cqcroixdepierre.fr\/index.php\/wp-json\/wp\/v2\/types\/page"}],"author":[{"embeddable":true,"href":"https:\/\/cqcroixdepierre.fr\/index.php\/wp-json\/wp\/v2\/users\/2"}],"replies":[{"embeddable":true,"href":"https:\/\/cqcroixdepierre.fr\/index.php\/wp-json\/wp\/v2\/comments?post=2183"}],"version-history":[{"count":11,"href":"https:\/\/cqcroixdepierre.fr\/index.php\/wp-json\/wp\/v2\/pages\/2183\/revisions"}],"predecessor-version":[{"id":2707,"href":"https:\/\/cqcroixdepierre.fr\/index.php\/wp-json\/wp\/v2\/pages\/2183\/revisions\/2707"}],"wp:attachment":[{"href":"https:\/\/cqcroixdepierre.fr\/index.php\/wp-json\/wp\/v2\/media?parent=2183"}],"curies":[{"name":"wp","href":"https:\/\/api.w.org\/{rel}","templated":true}]}}