{"id":2,"date":"2018-12-16T18:24:20","date_gmt":"2018-12-16T17:24:20","guid":{"rendered":"http:\/\/cqcroixdepierre.fr\/?page_id=2"},"modified":"2024-08-31T08:15:47","modified_gmt":"2024-08-31T06:15:47","slug":"page-d-exemple","status":"publish","type":"page","link":"https:\/\/cqcroixdepierre.fr\/index.php\/page-d-exemple\/","title":{"rendered":"Pr\u00e9sentation du comit\u00e9"},"content":{"rendered":"\n<h3 class=\"wp-block-heading\">Comit\u00e9 de quartier Croix de Pierre \/ Route d&rsquo;Espagne<\/h3>\n\n\n\n<p>Le comit\u00e9 de quartier est une association loi 1901 \u00e0 but non lucratif et d&rsquo;int\u00e9r\u00eat g\u00e9n\u00e9ral, apolitique et la\u00efque. Il est constitu\u00e9 exclusivement de b\u00e9n\u00e9voles et toujours en recherche de bonnes volont\u00e9s.<br>Il repr\u00e9sente r\u00e9guli\u00e8rement les habitants aupr\u00e8s de la Municipalit\u00e9. C&rsquo;est une instance de dialogue et de concertation privil\u00e9gi\u00e9 aupr\u00e8s de la population relativement aux diff\u00e9rents projets d\u2019am\u00e9nagement public (urbanisme, voirie, environnement\u2026).<br>Son objectif est de faire de ce quartier un lieu de vie actuel, accueillant et agr\u00e9able.<\/p>\n\n\n<div class=\"wp-block-image\">\n<figure class=\"aligncenter\"><img fetchpriority=\"high\" decoding=\"async\" width=\"504\" height=\"676\" src=\"https:\/\/cqcroixdepierre.fr\/wp-content\/uploads\/2019\/01\/Plan-du-quartier.png\" alt=\"\" class=\"wp-image-73\" srcset=\"https:\/\/cqcroixdepierre.fr\/wp-content\/uploads\/2019\/01\/Plan-du-quartier.png 504w, https:\/\/cqcroixdepierre.fr\/wp-content\/uploads\/2019\/01\/Plan-du-quartier-224x300.png 224w\" sizes=\"(max-width: 504px) 100vw, 504px\" \/><\/figure><\/div>\n\n\n<p>Pr\u00e9sentation du quartier: <a rel=\"noreferrer noopener\" aria-label=\" (s\u2019ouvre dans un nouvel onglet)\" href=\"https:\/\/fr.wikipedia.org\/wiki\/Quartier_de_la_Croix_de_Pierre\" target=\"_blank\">https:\/\/fr.wikipedia.org\/wiki\/Quartier_de_la_Croix_de_Pierre<\/a><\/p>\n\n\n\n<p><strong>L&rsquo;adh\u00e9sion au comit\u00e9 de quartier vous permet de participer aux projets de l&rsquo;association.<\/strong><\/p>\n\n\n\n<h3 class=\"wp-block-heading\">Les projets :<\/h3>\n\n\n\n<ul>\n<li>continuer \u00e0 pr\u00e9server le cadre de vie et les int\u00e9r\u00eats g\u00e9n\u00e9raux des habitants du quartier<\/li>\n\n\n\n<li>prot\u00e9ger les espaces naturels limitrophes<\/li>\n\n\n\n<li>favoriser un am\u00e9nagement harmonieux et \u00e9quilibr\u00e9<\/li>\n\n\n\n<li>limiter les pollutions et les nuisances<\/li>\n\n\n\n<li>organiser des soir\u00e9es rencontres et d\u00e9bats citoyens<\/li>\n<\/ul>\n\n\n\n<p><strong>Vous avez un projet, une id\u00e9e, envie d&rsquo;apporter vos comp\u00e9tences ?<\/strong><\/p>\n\n\n\n<p>Contactez nous par mail : \u00ab\u00a0contact@cqcroixdepierre.fr\u00a0\u00bb ou venez vous pr\u00e9senter tous les 1er lundi de chaque mois au 2 rue Lafage \u00e0 20h30.<\/p>\n\n\n\n<p>Notre comit\u00e9 compte d\u00e9j\u00e0 plus de 160 adh\u00e9rents. Ce sont eux qui font sa force et qui permettent de faire face aux grands enjeux de nos lieux de vie. Plus nous serons nombreux, plus la voix des habitants pourra se faire entendre !<\/p>\n\n\n\n<p><strong>Adh\u00e9rer au Comit\u00e9 de quartier Croix de Pierre \/ Route d&rsquo;Espagne, c&rsquo;est ainsi soutenir une association qui travaille au mieux-vivre de tous. Aidez-nous \u00e0 le garder dynamique et anim\u00e9.<\/strong><\/p>\n","protected":false},"excerpt":{"rendered":"<p>Comit\u00e9 de quartier Croix de Pierre \/ Route d&rsquo;Espagne Le comit\u00e9 de quartier est une association loi 1901 \u00e0 but non lucratif et d&rsquo;int\u00e9r\u00eat g\u00e9n\u00e9ral, apolitique et la\u00efque. Il est constitu\u00e9 exclusivement de b\u00e9n\u00e9voles et toujours en recherche de bonnes volont\u00e9s.Il repr\u00e9sente r\u00e9guli\u00e8rement les habitants aupr\u00e8s de la Municipalit\u00e9. C&rsquo;est une instance de dialogue et [&hellip;]<\/p>\n","protected":false},"author":1,"featured_media":0,"parent":0,"menu_order":1,"comment_status":"closed","ping_status":"open","template":"","meta":{"footnotes":""},"_links":{"self":[{"href":"https:\/\/cqcroixdepierre.fr\/index.php\/wp-json\/wp\/v2\/pages\/2"}],"collection":[{"href":"https:\/\/cqcroixdepierre.fr\/index.php\/wp-json\/wp\/v2\/pages"}],"about":[{"href":"https:\/\/cqcroixdepierre.fr\/index.php\/wp-json\/wp\/v2\/types\/page"}],"author":[{"embeddable":true,"href":"https:\/\/cqcroixdepierre.fr\/index.php\/wp-json\/wp\/v2\/users\/1"}],"replies":[{"embeddable":true,"href":"https:\/\/cqcroixdepierre.fr\/index.php\/wp-json\/wp\/v2\/comments?post=2"}],"version-history":[{"count":9,"href":"https:\/\/cqcroixdepierre.fr\/index.php\/wp-json\/wp\/v2\/pages\/2\/revisions"}],"predecessor-version":[{"id":2143,"href":"https:\/\/cqcroixdepierre.fr\/index.php\/wp-json\/wp\/v2\/pages\/2\/revisions\/2143"}],"wp:attachment":[{"href":"https:\/\/cqcroixdepierre.fr\/index.php\/wp-json\/wp\/v2\/media?parent=2"}],"curies":[{"name":"wp","href":"https:\/\/api.w.org\/{rel}","templated":true}]}}